). What is the remainder when 57 is divided by o(4)?
12
Suppose z + z = 10. Suppose -2*r = -z*a + 2*r + 60, -3*a + 68 = 4*r. Suppose 115 = 10*k - 185. Calculate the remainder when k is divided by a.
14
Let d(n) = n**3 + 6*n**2 + 2*n + 4. Calculate the remainder when d(-4) is divided by 10.
8
Suppose 0 = 5*x - 5*t - 240, -x - 2*x = t - 124. Calculate the remainder when x is divided by 23.
20
Suppose b = -5*r + 76 + 31, 0 = 4*r + b - 85. What is the remainder when 32 is divided by r?
10
Suppose 0 = -4*b + b + 12. Suppose -r + 3*r - b = 0. Suppose 4*p - r = -n - 10, 5*p + 11 = -n. Calculate the remainder when 10 is divided by n.
2
Suppose -2*n - t = 0, -3*n + 3 = 2*t + 5. Calculate the remainder when n*16 - -2 - 1 is divided by 18.
15
Let u = -39 - -86. Suppose 38 + 10 = 4*b. Calculate the remainder when u is divided by b.
11
Suppose 0*s - 792 = -3*s. Suppose 0*w + 4*w = s. Let n(j) = -7*j + 3. What is the remainder when w is divided by n(-2)?
15
Let r(u) = -6*u**3 - 2*u**2 - u. Let b be r(-1). Suppose b*l - l = 0. Suppose 0 = h - l - 1. What is the remainder when 1 is divided by h?
0
Let k = 134 + -124. Suppose j - 36 + 7 = 0. What is the remainder when j is divided by k?
9
Suppose 5 = 3*i + 2*i. Suppose -w - 2*p - 5 = 0, -3*w - 2*p + i = -0*p. What is the remainder when (92/(-6))/((-2)/w) is divided by 12?
11
Let d(k) = -18*k**3 + 3*k**2 + k - 1. Calculate the remainder when d(-1) is divided by 10.
9
Suppose 0 = -2*y - 2*g - g + 41, -70 = -5*y - g. Calculate the remainder when y is divided by -3 + 8/2 + 3.
1
Let w(a) = -10*a - 22. Let j be w(-7). Suppose 3*h - 6*h = -j. What is the remainder when h is divided by 4?
0
Calculate the remainder when 34 is divided by (84/(-70))/((-2)/20).
10
Let k(f) = -6*f**3 - f**2 + 7*f + 15. Calculate the remainder when k(-2) is divided by 23.
22
Let y = 25 + -2. Suppose -2*r + 48 = 2*r. What is the remainder when y is divided by r?
11
Let f be 1 - (-235)/((-1)/(-1)). Calculate the remainder when 19 is divided by f/24 - (-2)/12.
9
Let p be 6/8*(-1 - -9). Let o be p/4 - (-3)/6. Calculate the remainder when -51*o*3/(-9) is divided by 18.
16
Let d be (1/(-2))/((-2)/4). What is the remainder when (-292)/(-18) + 12/(-54) is divided by 15*d*4/10?
4
Let v = 15 + 27. Calculate the remainder when v is divided by 18.
6
Let l(o) = o**3 - 7*o**2 + 9*o - 6. What is the remainder when l(6) is divided by 4?
0
Let s = 4 - 5. What is the remainder when 19 is divided by s/(((-4)/(-7))/(-4))?
5
Suppose -12 = -4*s - 0*s. Let g be (3 - s) + 1 + 2. Suppose r - g*q = 23, 71 = 2*r - 2*q + 21. Calculate the remainder when r is divided by 14.
12
Suppose 3*t + 3*f = 0, 2*t + 3*f - 4 = -2*t. Let r = 8 + 5. What is the remainder when r is divided by t?
1
Let o(f) = -10*f + 22. Calculate the remainder when o(-13) is divided by 31.
28
Suppose -z = -3*c - 4*z + 63, 2*c = 4*z + 66. Calculate the remainder when c is divided by 14.
11
Suppose 7*a = 2*a, 0 = 4*j - 2*a - 40. What is the remainder when j is divided by ((-2)/5)/(10/50)*-2?
2
Let c(y) = y**2 + 5*y + 7. Suppose -3*i - 24 = -0*i + 2*j, -15 = 5*j. Suppose -2*u = -64 + 14. What is the remainder when u is divided by c(i)?
12
Suppose 4*p - 286 = 194. Suppose -3*b - p - 35 = -5*x, -4*x = 2*b - 124. What is the remainder when x is divided by 11?
9
Suppose 2*f = 65 + 61. Suppose -24*t = -18*t - 132. Calculate the remainder when f is divided by t.
19
Let d(n) be the first derivative of -n**2/2 + 5*n + 1. Let m be d(-6). Suppose -2*w + 3*w = m. What is the remainder when 31 is divided by w?
9
Let h(r) = r**3 - 3*r**2 - 4*r + 4. Let g be h(4). Suppose g = -3*w + 1. Let q(c) = 19*c**2 + c. What is the remainder when 52 is divided by q(w)?
16
Suppose 4 = 6*g - 92. Let j = g - 7. Calculate the remainder when j is divided by 3.
0
Let b(q) = -53*q - 6. What is the remainder when b(-2) is divided by 27?
19
Suppose 0 = -5*v - 88 + 253. What is the remainder when v is divided by 18?
15
Let l = 2 - -13. Let c = 7 + -7. Suppose 4*b + b - 135 = c. Calculate the remainder when b is divided by l.
12
Suppose 2*z + 25 = 7*z. Calculate the remainder when 12 is divided by z.
2
Let l(i) = i**2 - 14*i - 12. What is the remainder when 17 is divided by l(15)?
2
Let s = 6 + 2. Suppose 4 + 6 = 2*x. Calculate the remainder when s is divided by x.
3
Suppose -6*b = -39 - 27. Calculate the remainder when 32 is divided by b.
10
Let y be 8/6 + 3/(-9). Let b be 3/(8/5 - y). Suppose -238 + 38 = -b*t. Calculate the remainder when t is divided by 14.
12
Suppose -2*h + 9 = -5*h - 5*t, -5*h - 5*t - 5 = 0. Calculate the remainder when 5 + -1 + 2/h is divided by 3.
2
Let t be 3 - 0*2/6. Suppose -2*d + 2*l - 108 = 0, t = 3*l - 2*l. What is the remainder when -2*(-1)/(-6)*d is divided by 9?
8
Let a = -64 - -38. Let v = a - -41. What is the remainder when 40 is divided by ((-70)/v)/(2/(-6))?
12
Suppose -2*n + 0*n = 5*z - 206, 5*n - 5*z - 445 = 0. Calculate the remainder when n is divided by 24.
21
Let s = 57 - 39. What is the remainder when 71 is divided by s?
17
Suppose -c - 33 = -2*z, -4*c + 3*z - 84 = 53. Suppose 0*t - 15 = 3*t, 4*v + t = -3825. Calculate the remainder when 2/(-7) + v/c is divided by 10.
7
Let v(p) = p**3 - 7*p**2 - 8*p + 3. Let q = -3 - -11. Let i be v(q). Suppose -4 = -i*s - s, -3*d = s - 13. What is the remainder when 11 is divided by d?
3
Calculate the remainder when (18/(-12))/((-1)/34) is divided by (-3)/2*78/(-9).
12
What is the remainder when 34 is divided by 2 + (-12)/(-2 + -2)?
4
Calculate the remainder when (-592)/(-2)*(-2)/(-4) is divided by 25.
23
Suppose -4*o + 52 = -16. Calculate the remainder when o is divided by 27/5 + 16/(-40).
2
Let z = 37 - 19. Calculate the remainder when z is divided by (60/(-8))/(3/(-4)).
8
Let o(b) = 4*b - 3 + 2*b**2 + b - 2*b. Suppose 3*c - 6 = -2*u - 0*u, 5*u = 4*c + 38. What is the remainder when o(2) is divided by u?
5
Suppose 5*v = 4*z + 137 + 26, 2*z - 181 = -5*v. Let k = v - 21. Calculate the remainder when 27 is divided by k.
13
Suppose 0 = 7*b - 4*b + 84. Let p be ((-36)/21)/(8/b). Suppose -p*f + 75 = -f. What is the remainder when 57 is divided by f?
12
Suppose -4*a - 2*t = -192, 3*a - 240 = -2*a - 2*t. Calculate the remainder when a is divided by 14.
6
Suppose -4*p + 3*i = -338, i - 1 = 1. Calculate the remainder when p is divided by 29.
28
Suppose 19 = 4*q + 3*f, 0*q - 4*f = -3*q + 8. Suppose 13 = -k + q*k + 4*s, -k = -5*s + 21. Calculate the remainder when 2/k*(-19)/2 is divided by 7.
5
Suppose n + 51 = 3*u, 69 = 4*u - 4*n + 9. Calculate the remainder when 69 is divided by u.
15
Suppose -7*t + 5*t + 46 = 0. What is the remainder when t is divided by 12?
11
Let z(c) = 6*c - 49. Let r be (47/(-3))/((-1)/(-3)). Let w = 79 + r. Calculate the remainder when w is divided by z(11).
15
Suppose 2*f + f - 199 = -5*t, 117 = 3*t + f. What is the remainder when t is divided by 10?
8
Let l(u) = 7*u - 6. Let k(a) = -6*a + 5. Let p(x) = 5*k(x) + 4*l(x). Calculate the remainder when 25 is divided by p(-6).
12
Suppose 3*p - 5*m - 89 = 0, -2*p = 3*p - 3*m - 159. Let i = 20 + -11. Calculate the remainder when p is divided by i.
6
Suppose 5*y + 2*n = 273, -2*y + 112 = -3*n + n. Suppose -4*r = -y + 3. What is the remainder when 25 is divided by r?
12
Suppose 6*o - o - 150 = 0. Suppose -105 = -3*j + o. Calculate the remainder when j is divided by 12.
9
Calculate the remainder when 4/(-5) + (-807)/(-15) is divided by 11.
9
Let q(m) = -m + 5. Let o be q(3). Suppose -o*u + 27 = u. Let h(j) = j**3 - 4*j**2 - 2*j + 1. Calculate the remainder when h(5) is divided by u.
7
Let c = -4 - -17. What is the remainder when c is divided by 1/((-1)/(-5)) - 1?
1
Let q(u) = -u**2 - 5*u + 2. What is the remainder when q(-3) is divided by 5?
3
Suppose 22*n = 17*n + 60. What is the remainder when 59 is divided by n?
11
Let f = 18 + -7. Let j(x) = -x**3 + 7*x**2 - 2*x + 8. Let z be j(6). Suppose g = -0*g + z. What is the remainder when g is divided by f?
10
Let d = -109 + 152. Calculate the remainder when d is divided by 22.
21
Calculate the remainder when (3/(9/4))/((-12)/(-27)) is divided by 2.
1
Suppose -y - 3*y + 22 = k, 3*y + 5*k = 8. What is the remainder when 22 is divided by 11 + 2*y/(-4)?
6
Suppose -x + 3 = -10. What is the remainder when x is divided by 90/12 + (-1)/2?
6
Let y = 2 - 2. Let s 